77947 is divided by 1021?
351
Calculate the remainder when 95514 is divided by 7924.
426
Calculate the remainder when 609978 is divided by 43562.
110
What is the remainder when 24202444 is divided by 16?
12
Calculate the remainder when 21230912 is divided by 29.
12
Calculate the remainder when 585611 is divided by 314.
1
Calculate the remainder when 25132 is divided by 2792.
4
What is the remainder when 3354467 is divided by 186359?
5
Calculate the remainder when 22957103 is divided by 574.
547
What is the remainder when 46693695 is divided by 119?
118
Calculate the remainder when 111330107 is divided by 38.
25
What is the remainder when 7050724 is divided by 2002?
1682
Calculate the remainder when 9335220 is divided by 3111733.
21
What is the remainder when 46745 is divided by 5764?
633
Calculate the remainder when 510799 is divided by 1474.
795
What is the remainder when 5618163 is divided by 12240?
3
What is the remainder when 17335 is divided by 1120?
535
Calculate the remainder when 24758 is divided by 1706.
874
Calculate the remainder when 18675691 is divided by 9337800.
91
Calculate the remainder when 739787 is divided by 3873.
44
Calculate the remainder when 1345232 is divided by 931.
868
Calculate the remainder when 169363955 is divided by 50.
5
What is the remainder when 300092 is divided by 11113?
41
Calculate the remainder when 1504688 is divided by 202.
192
Calculate the remainder when 12338420 is divided by 255.
245
What is the remainder when 654743 is divided by 191?
186
What is the remainder when 33353 is divided by 710?
693
Calculate the remainder when 1241512 is divided by 2003.
1655
What is the remainder when 467844 is divided by 2176?
4
What is the remainder when 4167679 is divided by 1064?
1055
Calculate the remainder when 7469012 is divided by 2657.
185
Calculate the remainder when 187988 is divided by 8261.
6246
What is the remainder when 144613738 is divided by 189?
10
Calculate the remainder when 139875 is divided by 939.
903
What is the remainder when 112833792 is divided by 47?
46
Calculate the remainder when 20570449 is divided by 4517.
31
What is the remainder when 2735380 is divided by 135?
10
Calculate the remainder when 1768896 is divided by 176888.
16
Calculate the remainder when 11460 is divided by 9878.
1582
Calculate the remainder when 584918 is divided by 1054.
1002
Calculate the remainder when 131723206 is divided by 408.
406
Calculate the remainder when 224289 is divided by 363.
318
What is the remainder when 509346 is divided by 3372?
174
Calculate the remainder when 60734660 is divided by 49.
42
What is the remainder when 5846812 is divided by 95849?
23
Calculate the remainder when 93409 is divided by 1561.
1310
What is the remainder when 17254253 is divided by 142597?
16
Calculate the remainder when 111869501 is divided by 33.
29
What is the remainder when 477502 is divided by 855?
412
Calculate the remainder when 189374 is divided by 189285.
89
Calculate the remainder when 33063346 is divided by 1140115.
11
What is the remainder when 39063 is divided by 66?
57
Calculate the remainder when 1255563 is divided by 36.
27
Calculate the remainder when 2904005 is divided by 2210.
65
What is the remainder when 2038366 is divided by 30?
16
What is the remainder when 39633004 is divided by 17172?
28
Calculate the remainder when 46077 is divided by 4142.
515
What is the remainder when 101670 is divided by 101350?
320
What is the remainder when 3930366 is divided by 11594?
0
What is the remainder when 917591 is divided by 74?
65
Calculate the remainder when 9662799 is divided by 23.
16
Calculate the remainder when 6730414 is divided by 1588.
470
Calculate the remainder when 46505217 is divided by 794.
637
Calculate the remainder when 391120 is divided by 4132.
2712
What is the remainder when 808253 is divided by 808240?
13
What is the remainder when 1500164 is divided by 10000?
164
Calculate the remainder when 462029 is divided by 21.
8
What is the remainder when 1031514 is divided by 1903?
88
What is the remainder when 33466740 is divided by 19091?
217
Calculate the remainder when 3143001 is divided by 5553.
3
Calculate the remainder when 20417271 is divided by 11919.
24
Calculate the remainder when 53780 is divided by 895.
80
Calculate the remainder when 7601413 is divided by 5.
3
What is the remainder when 131403742 is divided by 18771963?
1
What is the remainder when 8539728 is divided by 814?
54
What is the remainder when 6327704 is divided by 12053?
11932
What is the remainder when 1319702 is divided by 197?
196
What is the remainder when 2113187 is divided by 352174?
143
Calculate the remainder when 38587 is divided by 1181.
795
What is the remainder when 11613561 is divided by 764?
761
Calculate the remainder when 4720481 is divided by 7.
3
What is the remainder when 731970 is divided by 3663?
3033
Calculate the remainder when 38181 is divided by 8368.
4709
What is the remainder when 9798226 is divided by 616?
130
What is the remainder when 112394519 is divided by 3481?
3472
Calculate the remainder when 538094 is divided by 517.
414
What is the remainder when 825653 is divided by 34?
31
Calculate the remainder when 8322061 is divided by 213385.
46
Calculate the remainder when 308673 is divided by 75192.
7905
Calculate the remainder when 9069860 is divided by 73.
48
Calculate the remainder when 20028408 is divided by 20028385.
23
What is the remainder when 197926 is divided by 356?
346
Calculate the remainder when 4122128 is divided by 1373721.
965
What is the remainder when 265909 is divided by 187?
182
What is the remainder when 125163147 is divided by 674?
673
What is the remainder when 197752 is divided by 721?
198
What is the remainder when 59471 is divided by 13114?
7015
What is the remainder when 343341 is divided by 171661?
19
What is the remainder when 23293418 is divided by 180?
158
What is the remainder when 1144608 is divided by 1144551?
57
What is the remainder when 701624 is divided by 2179?
2165
Calculate the remainder when 809879 is divided by 1736.
903
Calculate the remainder when 128502 is divided by 13640.
5742
Calculate the remainder when 1081847 is divided by 72.
47
What is the remainder when 4288670 is divided by 39?
35
What is the remainder when 4350944 is divided by 870187?
9
What is the remainder when 23374 is divided by 7746?
136
Calculate the remainder when 2447841 is divided by 37087.
99
What is the remainder when 2944339 is divided by 277?
106
Calculate the remainder when 735076 is divided by 1180.
1116
Calculate the remainder when 16814133 is divided by 13.
11
What is the remainder when 3730585 is divided by 2214?
2209
What is the remainder when 11321084 is divided by 1693?
1686
Calculate the remainder when 79456 is divided by 125.
81
What is the remainder when 1208359 is divided by 13577?
6
What is the remainder when 31679387 is divided by 762?
761
What is the remainder when 69707717 is divided by 487?
485
What is the remainder when 7076266 is divided by 18?
16
Calculate the remainder when 10092 is divided by 1407.
243
Calculate the remainder when 577695 is divided by 21396.
3
What is the remainder when 20767973 is divided by 778?
41
What is the remainder when 839181 is divided by 4832?
3245
Calculate the remainder when 263995 is divided by 62.
61
What is the remainder when 49232 is divided by 11988?
1280
Calculate the remainder when 27277646 is divided by 520.
6
What is the remainder when 41642 is divided by 10372?
154
What is the remainder when 94308 is divided by 21175?
9608
What is the remainder when 92384 is divided by 1650?
1634
Calculate the remainder when 5479128 is divided by 5479025.
103
What is the remainder when 1644810 is divided by 281?
117
Calculate the remainder when 47476486 is divided by 2710.
2706
What is the remainder when 5513183 is divided by 376?
271
What is the remainder when 34027310 is divided by 8541?
8507
Calculate the remainder when 483587 is divided by 126.
125
Calculate the remainder when 1663990 is divided by 263.
252
Calculate the remainder when 4464810 is divided by 7.
0
Calculate the remainder when 5052113 is divided by 251.
236
What is the remainder when 1969915 is divided by 116?
3
What is the remainder when 21996221 is divided by 121